e f(-6).
243
Let u(m) = -m**3 + 90*m**2 - 787*m - 990. Determine u(80).
50
Let n(k) = 690*k - 39402. Determine n(57).
-72
Let o(p) = -4*p**3 + p**2 + 53*p - 128. Determine o(3).
-68
Let p(m) = -6*m**3 - 31*m**2 + 6983*m + 7012. What is p(-1)?
4
Let m(i) = -31*i**3 + 155*i**2 + 13*i - 46. Give m(5).
19
Let v(h) = -h**2 - 338*h - 15446. Calculate v(-55).
119
Let s(a) = -4*a**3 - 155*a**2 - 133*a - 850. Calculate s(-38).
-128
Let p(w) = -2*w**3 + 11*w**2 + 8883*w - 26709. Give p(3).
-15
Let s(w) = 43056*w - 4348660. Calculate s(101).
-4
Let z(d) = 21*d**3 - 3039*d**2 + 109711*d - 80. Determine z(69).
-11
Let w(f) = 3*f**2 + 238*f - 1961. What is w(-87)?
40
Let v(n) = -5*n**2 + 116*n + 2336. Calculate v(36).
32
Let p(k) = -k**2 - 3368*k - 461408. What is p(-143)?
-233
Let i(p) = p**3 + 17*p**2 - 76*p - 339. Determine i(-20).
-19
Let g(l) = -l**3 - 498*l**2 - 1051*l - 523420. Give g(-498).
-22
Let a(w) = -40*w**2 - 820*w - 4208. Determine a(-10).
-8
Let v(s) = -111413*s - 668419. Determine v(-6).
59
Let h(j) = 6941*j - 4456117. What is h(642)?
5
Let j(l) = -23*l**2 + 616*l - 5697. Determine j(9).
-2016
Let d(v) = -11*v**2 + 114*v + 40. Determine d(13).
-337
Let w(b) = 80*b**2 - 59425*b - 11150. Calculate w(743).
-5
Let h(p) = p**3 - 35*p**2 + 255*p + 417. Determine h(13).
14
Let f(z) = 2242*z + 31395. Determine f(-14).
7
Let n(q) = 2086*q - 39553. What is n(19)?
81
Let n(h) = -18*h**2 - 1086*h - 4092. Determine n(-4).
-36
Let p(q) = -7056*q - 91732. What is p(-13)?
-4
Let v(r) = -3*r**2 - 823*r - 2734. Determine v(-271).
-24
Let v(c) = -2200*c + 26399. What is v(12)?
-1
Let q(v) = -571*v - 215797. Give q(-378).
41
Let b(g) = 15300*g - 168217. Calculate b(11).
83
Let i(u) = 9*u**3 + 153*u**2 + 12*u - 82. Calculate i(-17).
-286
Let i(f) = -f**2 + 29660*f + 296696. What is i(-10)?
-4
Let v(i) = -18*i**2 - 454*i + 89. Determine v(-26).
-275
Let v(r) = r**2 + 1308*r + 230637. What is v(-210)?
57
Let u(j) = -j**3 + 83*j**2 - 93*j + 788. Give u(82).
-114
Let p(j) = -3*j**3 - 17*j**2 + 25*j + 197. Give p(-8).
445
Let o(f) = 4444*f - 13808. What is o(3)?
-476
Let a(q) = 194*q + 3253. Calculate a(-15).
343
Let y(x) = -2*x**3 - 284*x**2 - 1939*x - 78. What is y(-135)?
6537
Let f(j) = -116309*j - 232584. Give f(-2).
34
Let n(q) = -q**3 - 793*q**2 - 124273*q - 1812. Give n(-578).
-78
Let j(g) = -g**3 + 69*g**2 + 433*g - 114. What is j(-6)?
-12
Let v(i) = i**3 + 170*i**2 + 1763*i + 157. Determine v(-11).
3
Let j(k) = -1423*k + 821. Calculate j(1).
-602
Let j(u) = 23*u**2 + 5939*u - 4355. What is j(-259)?
307
Let l(i) = i**3 + 218*i**2 + 601*i + 179582. What is l(-219)?
2
Let h(u) = -1389*u + 6645. Determine h(4).
1089
Let r(d) = -36*d**3 + 13138*d**2 + 731*d - 329. Determine r(365).
36
Let z(l) = -74*l + 10336. What is z(141)?
-98
Let f(n) = n**2 + 152*n - 4515. Give f(-177).
-90
Let c(t) = -t**2 + 216*t - 11445. Give c(109).
218
Let r(o) = -2*o**3 - 638*o**2 + 191*o + 60919. What is r(-319)?
-10
Let j(r) = 136*r + 51. Give j(25).
3451
Let r(d) = 2*d**3 + 876*d**2 + 836*d - 16565. What is r(-437)?
41
Let r(c) = 69*c**3 + 103*c**2 - 22*c - 10. Determine r(-2).
-106
Let z(a) = -389*a + 54328. Give z(140).
-132
Let w(i) = i**2 + 1086*i + 293882. What is w(-512)?
-6
Let w(b) = 116368*b + 582019. Give w(-5).
179
Let g(h) = 8*h**2 - 458*h - 1276. What is g(-3)?
170
Let b(z) = -z**3 + 31*z**2 + 383*z - 339. Determine b(41).
-1446
Let l(s) = s**3 + 401*s**2 - 43051*s + 1661. Determine l(88).
-11
Let u(x) = -x**3 + 109*x**2 + 417589*x - 4930. Calculate u(703).
-9
Let m(n) = -n**3 - 5*n**2 - 238*n - 1713. What is m(-7)?
51
Let l(v) = 506*v + 5986. Give l(-12).
-86
Let c(n) = 10655*n - 117237. What is c(11)?
-32
Let v(f) = 2*f**3 - 49*f**2 + 278*f + 152. Determine v(12).
-112
Let l(u) = 4138*u - 53792. Give l(13).
2
Let o(m) = 844*m**2 + 12667*m + 48. Determine o(-15).
-57
Let w(u) = -2521*u + 43113. Calculate w(17).
256
Let a(v) = -3*v**2 + 14660*v - 925947. Determine a(64).
5
Let d(s) = s**3 - 1718720*s + 1312. Give d(-1311).
1
Let m(d) = 10324*d - 10324001. Give m(1000).
-1
Let m(h) = 15051*h + 165466. What is m(-11)?
-95
Let k(a) = -3*a**3 + 341*a**2 - 8128*a + 73. What is k(34)?
5
Let j(r) = -27723*r + 1635654. Give j(59).
-3
Let i(g) = -13*g**3 + 169*g**2 - 579*g + 204. Calculate i(6).
6
Let u(z) = -101*z + 131. Give u(12).
-1081
Let v(u) = 38*u**2 - 1588*u - 6411. Determine v(-4).
549
Let o(s) = 10*s**2 - 92*s + 515. What is o(5)?
305
Let b(q) = -4*q**2 + 93*q - 209. What is b(30)?
-1019
Let m(n) = 6*n**2 + 5219*n + 331549. Give m(-69).
4
Let n(v) = v**2 + 366*v + 1474. Give n(-4).
26
Let m(f) = -3*f**2 - 46*f + 1563. Give m(-37).
-842
Let k(f) = f**2 + 41*f - 700. Determine k(-40).
-740
Let s(g) = g**3 + 226*g**2 + 550*g + 23002. Determine s(-224).
154
Let z(o) = 5*o**3 + 67*o**2 - 615*o + 203. Determine z(6).
5
Let g(n) = 510*n**3 - 85*n**2 + 65*n + 20. Give g(1).
510
Let y(a) = a**2 + 2117*a + 211270. Calculate y(-105).
10
Let v(a) = -21961*a - 21992. Determine v(-1).
-31
Let i(l) = 19*l**2 + 13430*l - 94946. Determine i(7).
-5
Let m(q) = -54832*q - 712934. Calculate m(-13).
-118
Let a(p) = 10*p**2 + 164*p + 337. Calculate a(-18).
625
Let x(w) = -57*w - 931. What is x(-12)?
-247
Let p(x) = -x**3 - 126*x**2 - 646*x + 8944. Calculate p(-120).
64
Let k(o) = -5763*o - 144130. Give k(-25).
-55
Let c(u) = 3*u**2 - 2899*u + 124376. Determine c(45).
-4
Let r(q) = -1519795*q + 15197939. What is r(10)?
-11
Let z(h) = -2*h**3 - 498*h**2 - 19893*h + 1346. What is z(-199)?
-47
Let b(p) = p**2 + 79*p - 234. Determine b(-84).
186
Let l(s) = -15720*s + 125829. Determine l(8).
69
Let g(a) = 2989*a - 101628. Determine g(34).
-2
Let q(i) = -i**3 + 119*i**2 + 7579*i + 1827. Give q(165).
12
Let z(r) = -21415*r - 342669. Determine z(-16).
-29
Let d(y) = -25540*y - 15783730. What is d(-618)?
-10
Let f(w) = 5*w**2 + 9862*w - 19727. Determine f(2).
17
Let r(x) = -27829*x - 5204025. Give r(-187).
-2
Let y(p) = 13628*p + 68173. Give y(-5).
33
Let p(r) = 3*r**3 + 14*r**2 + 48*r + 63. Calculate p(-8).
-961
Let v(s) = 2757*s**2 - 206781*s + 468. Determine v(75).
18
Let s(n) = -13641*n + 68001. Give s(5).
-204
Let r(v) = v**2 - 69*v - 84. Calculate r(68).
-152
Let g(u) = 37389*u - 2542436. Determine g(68).
16
Let s(a) = a**2 + 899*a + 69924. Determine s(-813).
6
Let d(v) = -v**3 + 41*v**2 + 1642*v - 2585. Determine d(-26).
15
Let s(i) = 198746*i - 1788715. Calculate s(9).
-1
Let p(q) = 4*q**2 - 1324*q + 46571. Calculate p(40).
11
Let l(o) = -o**2 - 793581*o - 12697037. What is l(-16)?
3
Let g(x) = -128852*x + 57. What is g(0)?
57
Let m(k) = -5903*k + 47225. Give m(8).
1
Let d(r) = 8530*r + 8760285. What is d(-1027)?
-25
Let f(r) = 5005*r - 435176. What is f(87)?
259
Let j(u) = 7*u**2 - 121*u + 5. Give j(16).
-139
Let p(x) = -x**2 + 16*x + 22. Determine p(11).
77
Let d(w) = w**2 + 183*w + 7755. Determine d(-72).
-237
Let a(g) = 6*g**3 - g**2 - 99*g + 436. Calculate a(5).
666
Let j(n) = 101*n**2 + 19593*n - 152. Calculate j(-194).
42
Let o(y) = 6*y**3 - 98*y**2 + 59*y - 570. Determine o(18).
3732
Let t(s) = -104*s - 8473. Determine t(-83).
159
Let j(f) = -1300*f + 88373. Determine j(68).
-27
Let y(o) = 2*o**2 - 1103*o - 23778. Calculate y(-20).
-918
Let n(q) = -16590*q - 1692182. What is n(-102)?
-2
Let f(t) = -58*t**2 + 14212*t - 490. What is f(245)?
0
Let g(p) = -4672*p - 23070. Give g(-4).
-4382
Let u(t) = 3*t**2 - 2063*t + 15667. Determine u(680).
27
Let c(x) = -x**2 + 933*x - 68245. Calculate c(853).
-5
Let x(f) = 1451*f + 32044. What is x(-22)?
122
Let u(k) = -k**3 + 139*k**2 - 1024*k + 163063. Give u(140).
103
Let o(c) = 286*c**2 + 4906*c + 687. Determine o(-17).
-61
Let p(t) = t**2 - 122*t - 13590. Give p(191).
-411
Let m(n) = n**3 + 271*n**2 + 9792*n - 658. Calculate m(-43).
-142
Let h(w) = -280*w**3 - 36963*w**2 - 401*w - 645. Calculate h(-132).
15
Let q(s) = s**3 + 20*s**2 - 356*s - 55. Calculate q(-31).
410
Let l(o) = -o**3 + 50*o**2 - 249*o - 94. Calculate l(6).
-4
Let p(v) = -551*v**2 + 4402*v - 3822. Give p(7).
-7
Let n(u) = -4*u**2 + 728*u + 46421. Calculate n(232).
21
Let r(g) = 1046*g + 39478. Calculate r(-35).
2868
Let z(q) = 2*q**2 + 29847*q - 208890. What is z(7)?
137
Let y(z) = -17*z + 2746. What is y(76)?
1454
Let c(z) = 13*z**2 + 114*z - 415. What is c(3)?
44
Let b(f